s the greatest common divisor of l and 426?
3
Let a be -2 - (5 + -5 + 217). Let m = -84 - a. What is the greatest common divisor of m and 27?
27
Let f(i) = -42*i - 75. Let y be f(-2). Let u be 6/54*y - -215. What is the greatest common divisor of u and 8?
8
Let o be (-3 - -9)/(-2) - -6. Suppose -c - o = -0*c, 0 = 2*t - 4*c - 14. Let n be (t/3)/((-2)/(-66)). What is the highest common divisor of 121 and n?
11
Let y be 11 + 6*(-70)/(-84). Suppose -3*i = 3*h - 3, -h - 3*h - 3*i + 7 = 0. Suppose 0 = h*s - 129 - 127. What is the highest common factor of y and s?
16
Let r be (-182)/(-52)*5076/21. What is the greatest common factor of 1598 and r?
94
Suppose 8*d + 4704 = 20*d. Let h = d + -360. Calculate the highest common divisor of h and 32.
32
Let k be ((-25)/300 - 2/8)/(12/(-2700)). What is the highest common factor of k and 9?
3
Let m(i) = 54*i**2 - 19*i - 12. Let d be m(-3). What is the highest common factor of d and 14691?
177
Let j = 926 - -649. What is the highest common divisor of j and 60?
15
Let m(b) = b**2 - 13*b - 30. Let d = 33 + -45. Let p be ((-1305)/d)/5 - 1/(-4). Let k be m(p). What is the greatest common factor of 24 and k?
24
Let k(r) = -11*r**2 - 81*r + 1. Let p be k(-7). Let x = -11 + 14. Suppose z - 290 = -5*j, x*j - 132 - 42 = 4*z. What is the highest common factor of p and j?
29
Let n = 59 + -39. Let x be (-2)/3*150/2. Let i be (x/(-8))/(14/224). What is the highest common divisor of n and i?
20
Suppose 4*o + 9*b - 516 = 7*b, 3*o + 4*b - 392 = 0. What is the greatest common factor of 52 and o?
4
Suppose 5 = 41*a - 40*a. Suppose 2*h = -a*f + 112, -2*f = 2*f. Calculate the highest common divisor of h and 14.
14
Suppose 0 = -y - 4*c - 2 + 11, -c + 5 = 3*y. Let m(a) = 14*a - 4 + 4 + 2. Let h be m(y). What is the greatest common divisor of h and 16?
16
Suppose 4*v - v = -147. Let c be (1209/(-279))/((-1)/(-12)). Let p = v - c. Calculate the greatest common factor of p and 6.
3
Let p = -41903 + 42190. Suppose -5*h + 28 = -h. What is the greatest common factor of p and h?
7
Let m be -4*(-2 - -1)*10. Let j = -29 - -38. Let o(w) = -2*w + 26. Let i be o(j). What is the highest common divisor of i and m?
8
Let b be 466/5 - (-150)/(-125). What is the greatest common factor of 3542 and b?
46
Let z = 8364 + -8036. What is the greatest common factor of z and 1558?
82
Let m(w) = 6*w**2 + 2*w. Let n be m(-3). Suppose -16 = -3*b - 13. Let d be 7 + (-3 + b - 2) + 3. Calculate the highest common factor of d and n.
6
Suppose 677 = 9*m - 547. Let i = -286 - -310. Calculate the highest common factor of m and i.
8
Suppose -4*u + 2184 = 2*v, -180 = 6*u - 150. What is the highest common factor of 646 and v?
38
Suppose 5*b + 4 + 16 = 0. Let t be ((-86)/b)/((-9)/(-126)). Let m = t + -184. Calculate the highest common factor of 13 and m.
13
Suppose -2*p + 4*s - 172 = 0, -145*s = -2*p - 140*s - 178. Suppose -o - 92 = -0*o. Let w = p - o. Calculate the greatest common divisor of w and 2.
2
Suppose 16*m - 369238 = -11414. What is the greatest common factor of 4 and m?
4
Let f = 34 + -16. Let y(m) = 2*m**3 - 159*m**2 - 83*m + 242. Let i be y(80). What is the greatest common factor of f and i?
2
Suppose 2*n - 9452 = -4370. What is the highest common factor of n and 66?
33
Suppose -w + 10 = 4. Suppose 0 = -w*u + 5*u. Let d(h) = 9*h + 63. Let m be d(u). What is the highest common factor of 7 and m?
7
Suppose -12*a - 45 = -17*a. Let u be 6/a*(2 - 15/(-6)). Calculate the highest common divisor of 27 and u.
3
Let b = 352 + -375. Let s(x) = -x**3 - 19*x**2 + 33*x + 38. Let v be s(b). Calculate the greatest common factor of v and 9.
9
Let y = -11434 + 21364. Calculate the greatest common divisor of 30 and y.
30
Let t = 3517 - 2326. Suppose -5*l - 4*w + 1281 = 0, 0 = 5*l - 3*w - t - 62. Calculate the highest common factor of l and 11.
11
Let z be 1 - -3 - -178 - (2 - -4). What is the highest common divisor of z and 99?
11
Suppose -3*n + 4*n - 22 = 0. Suppose -v = -16*v + 3585. Suppose -n + v = z. Calculate the greatest common divisor of 31 and z.
31
Let s(i) = 20*i + 114. Let b be s(-4). Calculate the greatest common divisor of 1649 and b.
17
Suppose 2*d = -46 - 4. Let x be ((-6)/10)/(1/d). Let f = 3132 - 3117. What is the highest common factor of f and x?
15
Let y = -32 + 9. Let l = 25 + y. Suppose -l*o = -3*o + 93. Calculate the greatest common divisor of 62 and o.
31
Suppose 7952 = 14*g + 7896. What is the highest common divisor of 3 and g?
1
Suppose -86*w + 125 = 4*v - 89*w, 3*v + 3*w - 120 = 0. Calculate the highest common divisor of 154 and v.
7
Let w(z) = z**2 + 50*z + 649. Let l be w(-14). What is the greatest common divisor of l and 11745?
145
Suppose 5*z - 843 = 57*j - 54*j, 4*j = 16. Calculate the greatest common divisor of z and 207.
9
Suppose 0 = -6*m + 4*m - 76. Let p = m - -44. Suppose -t + p + 11 = 0. What is the greatest common factor of 187 and t?
17
Suppose -3*x + 5*l + 58106 = 0, 0 = 438*x - 439*x + 4*l + 19350. Calculate the highest common divisor of x and 33.
11
Let g be (-4)/(-2 - -4)*(-7)/(21/6792). Calculate the highest common divisor of 8 and g.
8
Let d(x) = 2*x**2 + 29*x + 78. Let v be d(5). Calculate the highest common factor of 910 and v.
91
Let p(i) = 15*i**2 + 7*i + 13. Suppose 49*j + 17 = 311. Let n be p(j). What is the highest common divisor of n and 85?
85
Suppose 0 = -62*h + 173*h - 3996. Calculate the greatest common divisor of h and 324.
36
Suppose -4791 = -4*f + 5*v, 0 = 75*f - 73*f + 3*v - 2423. Calculate the greatest common divisor of f and 98.
14
Let n be 8*(-20 - -10)/((-80)/35). Let r be ((-15)/(-6))/(2/4). What is the highest common factor of n and r?
5
Let y = 14 + -9. Suppose 0 = -5*n - 5*g + 170, 4*n - 4*g = 109 + 35. What is the highest common divisor of y and n?
5
Let i be 62790/630 - (-2)/(-3). Calculate the highest common divisor of 45 and i.
9
Let u(z) = -z**3 + 3*z**2 + 5*z - 2. Let n be u(4). Let v(p) = 5 - 6 - n*p - 2*p**3 + 1 + p**2. Let f be v(-2). What is the greatest common factor of 216 and f?
24
Let v = 249 + -99. Let s = -119 - -156. Let d = 97 - s. What is the highest common divisor of v and d?
30
Let n be (0 + 360/18)*261/4. Calculate the greatest common factor of 90 and n.
45
Let i be 1 - 84/(-14) - -13. Calculate the greatest common factor of 190 and i.
10
Let m = -21360 - -24972. Calculate the highest common divisor of m and 1008.
84
Suppose d + 6*d = -11*d + 2376. Calculate the greatest common factor of d and 1683.
33
Let m(o) = -12*o + 135. Let p be m(11). Let k be (-66)/(p/(-3)*2 + 0). Calculate the highest common divisor of 561 and k.
33
Suppose 40361 = 26*d - 29033. What is the greatest common divisor of d and 1099?
157
Suppose -631*h - 1706 = -71116. Suppose 0*k - 5*k + 3575 = 0. What is the greatest common factor of k and h?
55
Suppose -5*r + 2*h + 2*h - 1179 = 0, -3 = -3*h. Let g = 460 + r. Let d(u) = 25*u**3 - u**2 + 1. Let i be d(1). Calculate the highest common divisor of g and i.
25
Let k(a) = -39*a - 94. Let m be k(6). Let n = m + 448. What is the greatest common divisor of n and 200?
40
Let f be 223/5 + 28/70. Suppose -8*o - 2*o = -750. Calculate the highest common divisor of o and f.
15
Let p(m) = m**3 + 8*m**2 + 11*m - 5. Let s be p(-5). Let a(k) = 6*k - 80. Let b be a(s). Calculate the greatest common factor of b and 20.
10
Suppose 72 = d + 3*t, 5*d - t = 10*d - 374. Calculate the highest common factor of d and 40.
5
Suppose -4*a + 4*t = -88, -3*t + 52 - 18 = a. Let f be ((-4)/10)/((104/(-600))/13). Suppose -x - f = -40. What is the greatest common divisor of x and a?
5
Let x be 9085/13 - (5 - (-134)/(-26)). Let f = x - 413. What is the greatest common factor of 44 and f?
22
Let k = 7166 + -1928. What is the highest common factor of 54 and k?
54
Let r(p) = p**3 + 5*p**2 - 4*p - 15. Let x be r(-5). Suppose x*i - 535 = -0*i. Suppose -69 - i = -8*n. What is the greatest common divisor of 22 and n?
22
Suppose 168*i - 169*i - 6 = 0, 242 = 2*d + 2*i. Calculate the highest common factor of d and 15875.
127
Let t(q) = q**3 + 11*q**2 - 17*q - 10. Let i be t(-12). Suppose -5*n + o - 61 = -8*n, 4 = 4*o. What is the highest common divisor of n and i?
10
Let z = 1475 - 1417. Suppose 4*f = 18 + 2, -31 = -3*u - 5*f. What is the highest common factor of z and u?
2
Suppose -q = 2, 6*o - 5*q = 3*o